{"id":132,"date":"2021-04-27T21:42:48","date_gmt":"2021-04-27T20:42:48","guid":{"rendered":"https:\/\/www.grainesdepossible.fr\/?page_id=132"},"modified":"2021-04-27T21:42:48","modified_gmt":"2021-04-27T20:42:48","slug":"charte-des-jardins","status":"publish","type":"page","link":"https:\/\/grainesdepossible.ovh\/index.php\/charte-des-jardins\/","title":{"rendered":"Charte des jardins"},"content":{"rendered":"\n<h2 class=\"wp-block-heading\">Veuillez trouver ci-joint l&rsquo;\u00e9bauche de la charte des jardins pour sensibiliser les habitants de la commune aux bonnes pratiques concernant la pr\u00e9servation de la biodiversit\u00e9. <br><\/h2>\n\n\n\n<figure class=\"wp-block-image\"><img loading=\"lazy\" decoding=\"async\" width=\"408\" height=\"590\" src=\"http:\/\/grainesdepossible.ovh\/wp-content\/uploads\/2021\/04\/charte-biodiversite-troarn.png\" alt=\"\" class=\"wp-image-134\" srcset=\"https:\/\/grainesdepossible.ovh\/wp-content\/uploads\/2021\/04\/charte-biodiversite-troarn.png 408w, https:\/\/grainesdepossible.ovh\/wp-content\/uploads\/2021\/04\/charte-biodiversite-troarn-207x300.png 207w\" sizes=\"auto, (max-width: 408px) 100vw, 408px\" \/><\/figure>\n\n\n\n<div class=\"wp-block-file\"><a href=\"http:\/\/grainesdepossible.ovh\/wp-content\/uploads\/2021\/04\/Charte-des-jardins-Troarn-ebauche.pdf\">Charte des jardins Troarn \u00e9bauche<\/a><a href=\"http:\/\/grainesdepossible.ovh\/wp-content\/uploads\/2021\/04\/Charte-des-jardins-Troarn-ebauche.pdf\" class=\"wp-block-file__button\" download>T\u00e9l\u00e9chargement<\/a><\/div>\n\n\n\n<h2 class=\"wp-block-heading\">Attention!!! il faut imprimer le PDF en recto verso pour mieux le lire car sur le PDF les pages ne se trouvent pas dans l&rsquo;ordre de lecture, mais d&rsquo;impression.<\/h2>\n\n\n\n<p><\/p>\n","protected":false},"excerpt":{"rendered":"<p>Veuillez trouver ci-joint l&rsquo;\u00e9bauche de la charte des jardins pour sensibiliser les habitants de la commune aux bonnes pratiques concernant la pr\u00e9servation de la biodiversit\u00e9. Attention!!! il faut imprimer le PDF en recto verso pour mieux le lire car sur le PDF les pages ne se trouvent pas dans l&rsquo;ordre de lecture, mais d&rsquo;impression.<\/p>\n","protected":false},"author":4,"featured_media":0,"parent":0,"menu_order":0,"comment_status":"closed","ping_status":"closed","template":"","meta":{"footnotes":""},"class_list":["post-132","page","type-page","status-publish","hentry"],"_links":{"self":[{"href":"https:\/\/grainesdepossible.ovh\/index.php\/wp-json\/wp\/v2\/pages\/132","targetHints":{"allow":["GET"]}}],"collection":[{"href":"https:\/\/grainesdepossible.ovh\/index.php\/wp-json\/wp\/v2\/pages"}],"about":[{"href":"https:\/\/grainesdepossible.ovh\/index.php\/wp-json\/wp\/v2\/types\/page"}],"author":[{"embeddable":true,"href":"https:\/\/grainesdepossible.ovh\/index.php\/wp-json\/wp\/v2\/users\/4"}],"replies":[{"embeddable":true,"href":"https:\/\/grainesdepossible.ovh\/index.php\/wp-json\/wp\/v2\/comments?post=132"}],"version-history":[{"count":0,"href":"https:\/\/grainesdepossible.ovh\/index.php\/wp-json\/wp\/v2\/pages\/132\/revisions"}],"wp:attachment":[{"href":"https:\/\/grainesdepossible.ovh\/index.php\/wp-json\/wp\/v2\/media?parent=132"}],"curies":[{"name":"wp","href":"https:\/\/api.w.org\/{rel}","templated":true}]}}