{"id":39,"date":"2020-03-22T17:20:46","date_gmt":"2020-03-22T16:20:46","guid":{"rendered":"http:\/\/www.grainesdepossible.fr\/?page_id=39"},"modified":"2020-03-22T17:20:46","modified_gmt":"2020-03-22T16:20:46","slug":"le-compost","status":"publish","type":"page","link":"https:\/\/grainesdepossible.ovh\/index.php\/le-compost\/","title":{"rendered":"Le compost"},"content":{"rendered":"\n<p><strong>Pourquoi composter ?<\/strong><\/p>\n\n\n\n<p>En France, les biod\u00e9chets (d\u00e9chets de cuisine et de jardin) repr\u00e9sentent plus de 30% de nos poubelles. Pourtant, ces d\u00e9chets organiques peuvent \u00eatre d\u00e9tourn\u00e9s des ordures m\u00e9nag\u00e8res gr\u00e2ce au compostage. \u00abComposter \u00bb, c\u2019est mettre des d\u00e9chets biod\u00e9gradables diversifi\u00e9s et les laisser se d\u00e9composer avec de l\u2019air et de l\u2019humidit\u00e9 pour obtenir un terreau brun appel\u00e9 \u00abcompost \u00bb<\/p>\n\n\n\n<p><strong>Que mettre au compost  ?<\/strong><\/p>\n\n\n\n<p>\u00e9pluchures de l\u00e9gumes ou  de fruits, marc de caf\u00e9, th\u00e9, coquilles d&rsquo;oeufs, essuie-tout&#8230; <\/p>\n\n\n\n<figure class=\"wp-block-image\"><img decoding=\"async\" src=\"http:\/\/grainesdepossible.ovh\/wp-content\/uploads\/2020\/03\/composteur.jpg\" alt=\"\" class=\"wp-image-40\"\/><\/figure>\n\n\n\n<p>Il est beau, il est utile, il est au fond du jardin. Ajouter votre pierre \u00e0 l\u2019\u00e9difice, enfin vos \u00e9pluchures : apportez-les si vous n\u2019avez pas de composteur chez vous : cela nous sera tr\u00e8s utile.<\/p>\n","protected":false},"excerpt":{"rendered":"<p>Pourquoi composter ? En France, les biod\u00e9chets (d\u00e9chets de cuisine et de jardin) repr\u00e9sentent plus de 30% de nos poubelles. Pourtant, ces d\u00e9chets organiques peuvent \u00eatre d\u00e9tourn\u00e9s des ordures m\u00e9nag\u00e8res gr\u00e2ce au compostage. \u00abComposter \u00bb, c\u2019est mettre des d\u00e9chets biod\u00e9gradables diversifi\u00e9s et les laisser se d\u00e9composer avec de l\u2019air et de l\u2019humidit\u00e9 pour obtenir un [&hellip;]<\/p>\n","protected":false},"author":2,"featured_media":0,"parent":0,"menu_order":0,"comment_status":"closed","ping_status":"closed","template":"","meta":{"footnotes":""},"class_list":["post-39","page","type-page","status-publish","hentry"],"_links":{"self":[{"href":"https:\/\/grainesdepossible.ovh\/index.php\/wp-json\/wp\/v2\/pages\/39","targetHints":{"allow":["GET"]}}],"collection":[{"href":"https:\/\/grainesdepossible.ovh\/index.php\/wp-json\/wp\/v2\/pages"}],"about":[{"href":"https:\/\/grainesdepossible.ovh\/index.php\/wp-json\/wp\/v2\/types\/page"}],"author":[{"embeddable":true,"href":"https:\/\/grainesdepossible.ovh\/index.php\/wp-json\/wp\/v2\/users\/2"}],"replies":[{"embeddable":true,"href":"https:\/\/grainesdepossible.ovh\/index.php\/wp-json\/wp\/v2\/comments?post=39"}],"version-history":[{"count":0,"href":"https:\/\/grainesdepossible.ovh\/index.php\/wp-json\/wp\/v2\/pages\/39\/revisions"}],"wp:attachment":[{"href":"https:\/\/grainesdepossible.ovh\/index.php\/wp-json\/wp\/v2\/media?parent=39"}],"curies":[{"name":"wp","href":"https:\/\/api.w.org\/{rel}","templated":true}]}}